n) = -11*n + 2. Let l be f(1). Let o = 0 - l. Is o composite?
True
Suppose -10*i = -5*i. Suppose 2*m + 3*m + 15 = i. Is 97*(-3)/(m + 0) prime?
True
Let r be 3/(-4 + (-1093)/(-273)). Let u = r + -560. Is u a prime number?
False
Let a(c) = c**3 + 5*c**2 + 2*c + 6. Let l be a(-4). Suppose -4*f - 51 + 19 = -4*j, -3*f = -2*j + l. Let p = -3 + j. Is p prime?
True
Let q = 8794 - -205. Is q composite?
False
Is 46463 + ((-7 - 1) + 1 - -15) a prime number?
True
Let h be (-1 - 0)/1*1. Is ((-60)/16 + 3)*(h - 2035) prime?
False
Suppose 8*w - 10*w + 17944 = 0. Suppose -2146 = -6*g + w. Is g composite?
True
Let h = 17 + -25. Is h*65/(-10) - -3 a composite number?
True
Let m be (-2)/11 - (-40)/(-22). Let w be 141 - (m - 0/(-1)). Let y = w + 68. Is y composite?
False
Suppose -33 = -5*q + 2. Suppose 4410 = -4*n - 2*f, 0 = -5*n - q*f + 2*f - 5520. Let d = -544 - n. Is d a composite number?
False
Let s be 164/6*(-90)/(-4). Let i = 956 - s. Suppose -4*j - 3*x = x - 244, -5*j + 4*x = -i. Is j a prime number?
False
Let g(i) = -i**2 - 4*i + 1. Let n be g(-3). Suppose 4*o = -2*m - m + 19, 0 = n*o + m - 25. Suppose -o + 54 = d. Is d composite?
False
Let s(v) = 1111*v + 13. Is s(6) prime?
True
Suppose -4*d + 9*d = 2910. Suppose 6*p - 8*p + d = 0. Is p composite?
True
Let d(s) = s + 1 + 6*s + s**2 + s - 6*s**3 - 6*s. Is d(-3) a prime number?
False
Suppose -5*v + 2*n = -10*v + 142307, 0 = 3*v + 4*n - 85373. Is v prime?
True
Let w(o) = 17*o - 341. Let i be w(9). Let r(b) = -279*b - 4. Let m be r(3). Let a = i - m. Is a prime?
True
Suppose -2*h = 5*x - 2730, 4*h + 1368 = 5*h + x. Let n = 2053 - h. Is n a composite number?
False
Suppose -u + 1812 + 317 = 0. Is u a composite number?
False
Let d be 1*2*(-4 + 3). Let o(s) = -1147*s + 4. Let t be o(d). Is (-2)/4 - t/(-12) a prime number?
True
Let k(m) = -m**3 + 2*m**2 + 12*m + 8. Let u = -30 + 25. Is k(u) composite?
True
Let m be (3 + (3 - 1))/2*46. Let h = 336 - m. Is h composite?
True
Let z be ((-2)/(-4))/(2/(-468)). Is z/(-3) - (-4)/(-2) prime?
True
Suppose -2*a - 3*y = 149, -3*y = 4*a - 0*y + 283. Let h(n) = 46*n + 8. Let v be h(6). Let p = v + a. Is p a prime number?
False
Let j(h) = 3*h**3 + 4*h**2 + 18*h + 15. Is j(7) composite?
True
Suppose j = -j - 24. Is -4 - -4 - (-3)/(j/(-1172)) a composite number?
False
Is 5 + 23/(161/3318) a composite number?
False
Suppose -8 = p + 10. Let m be 3/1 - p/(-3). Is ((-284)/(-6))/((-2)/m) a composite number?
False
Let t = 13077 + -4174. Is t a prime number?
False
Suppose -134*o - 1514 = -136*o. Is o composite?
False
Suppose -5*i - 44 = -3*h, -i - 1 = -3*h + 3. Let g(u) = -2*u**3 - 12*u**2 + 2*u + 7. Is g(i) a prime number?
True
Let s(i) be the second derivative of i**4/12 + 5*i**3/6 + 3*i**2 - 7*i. Let r be s(-4). Suppose -3*v + 944 = 2*n, 1872 = n + 3*n - r*v. Is n a prime number?
False
Let z(p) = -p**2 - 8*p - 4. Let s be z(-7). Suppose 5*n - 5*g + s = 18, -n + 3 = g. Suppose 0 = -n*m + 164 + 301. Is m prime?
False
Let n(j) = -j + 15. Let t be n(10). Suppose i = -4*g + 4281, 0*g + g + t*i = 1094. Is g a prime number?
True
Suppose 2*r + 2 = 4*r. Let q be (-2)/(-3) + r/3. Is (7/q)/((-1)/(-7)) composite?
True
Suppose 5*k - 57 = 3. Let a = -29 + k. Let o = -8 - a. Is o a prime number?
False
Suppose r - g = -1, -r = r + 4*g - 4. Suppose 0*k + 2*k - 4 = r. Suppose -q + k*i = -5*q + 1108, 3*q - 830 = -2*i. Is q a composite number?
True
Let d(p) = -3*p - 17. Let r(b) = -b - 6. Let t(k) = 3*d(k) - 8*r(k). Let o be t(-5). Is (o - 1)/(5/1185) a composite number?
True
Let k = 0 - -10. Suppose 5*v + 6 = 3*c, 5*c + v = -3*v + k. Suppose -l + 381 = c*l. Is l composite?
False
Is ((-206458)/(-4))/((-75)/(-150)) composite?
True
Suppose 4*n + n = 15. Suppose -5*v = n*z - 78, 14 + 2 = z + 5*v. Is z a prime number?
True
Let x = 4 + 1. Suppose x*g - 294 = -4*o, 3*o - 3*g = 42 + 165. Is o a prime number?
True
Let b = -6 + 9. Suppose -2*s + s + b = 0. Suppose x = -2*l + 3*x + 304, -s*x = -9. Is l a prime number?
False
Let k be (-2)/(4 - 3) - -4. Suppose k*u - 137 = -31. Is u composite?
False
Suppose 75*v = 67*v + 328712. Is v composite?
True
Let l = -40 + 509. Is l a composite number?
True
Let x(t) = 3*t**2. Let r be x(-1). Suppose -u = r*u - 8. Suppose u*b - 19 = 11. Is b composite?
True
Let x = -3354 + 5773. Is x a prime number?
False
Is (6388/(-3) - -2)/((-4)/6) a composite number?
False
Let x be (15/9)/((-4)/(-12)). Let m(u) = -7*u**2 + 41*u**2 - u + x - u. Is m(3) composite?
True
Suppose -5*c - 3490 + 1160 = 0. Let p = c + 959. Is p prime?
False
Let q(p) = -2*p**2 + 1199. Let m be q(0). Suppose 0 = -3*v + 5*v - 5*j - 458, j - m = -5*v. Is v a composite number?
False
Suppose 3*f = -7*f + 70. Let l(i) = i**3 - 3*i**2 - 10*i - 4. Is l(f) prime?
False
Let a(l) = l**3 - 21*l**2 - 7*l + 28. Let p be a(20). Is -3 + 3 + (5/1 - p) prime?
False
Suppose -4*s + 50372 = 2*z - 18958, 2*z + 34680 = 2*s. Is s composite?
True
Suppose -3*o - 4*w - 12 = o, 0 = -5*w - 10. Is (6*o - -3)*-127 a prime number?
False
Let m(k) = 412*k**2 + 6*k - 13. Is m(3) composite?
True
Suppose -7*z = -11*z - 24. Let s(o) = 19*o**2 + 12*o + 10. Is s(z) composite?
True
Suppose 3*f + 12 = 3*u, -f + 4*f + 18 = 5*u. Let l be -3 + (-2 - (-4 - f)). Is (-69)/(12/16*l) composite?
True
Let c(q) = 91*q**2 - 18*q + 1. Is c(4) prime?
False
Suppose -7420 = -2*u + 3*n - 5*n, 0 = 2*u - 2*n - 7432. Is u a composite number?
True
Suppose 0 = -2*z + 5*b - 20, -2*z + 16 = 3*z + 4*b. Suppose z = -4*v + 12, 3*i - 4*v = -0*v + 5835. Is i a composite number?
False
Let k be 40/12*9/(-6). Is ((-7)/(-5))/(k/(-925)) prime?
False
Let z(d) = d + 3. Let o be z(0). Suppose -5*g - 10 = 0, -1326 = -o*u + 5*g - 281. Let r = u + -134. Is r a composite number?
False
Let k be 7 + (12 - 0)/(-3). Suppose -4 = k*n + n. Is (n/(-1))/(1/203) a prime number?
False
Let g = 29289 + -17050. Is g prime?
True
Suppose 0 = -111*r + 106*r + 20245. Is r prime?
True
Let h(t) be the first derivative of 1/4*t**4 - t**3 - 7/2*t**2 - t - 11. Is h(8) a prime number?
True
Suppose 0 = -4*i + 8*i. Let d be 4/(-6)*(93 - i). Let p = -43 - d. Is p a prime number?
True
Let b(x) = 24*x - 2. Suppose y = 2*i + 14, 0 = 4*i + 5*y + 47 - 5. Let w be b(i). Let s = 397 + w. Is s composite?
True
Let z(h) = -11*h**3 + 6*h**2 + 12*h + 8. Is z(-7) a composite number?
True
Suppose -601 = 33*p - 79240. Is p composite?
False
Let x(r) = 1206*r - 73. Is x(14) composite?
False
Let t be 1*(19 + 0/2). Let m = 8 - -2. Let k = t - m. Is k a prime number?
False
Let j(d) = 21*d - 13 + 0 + 5. Suppose 0*p + 28 = 2*p + 2*t, -2*t + 2 = 0. Is j(p) a composite number?
True
Suppose -4 = -4*c - k, -5*k = -2*c - 0*k + 24. Let f be 0/c + -5 - 1. Is (-530)/f - 14/(-21) prime?
True
Let x(s) = s**2 + 12*s + 3709. Is x(0) a prime number?
True
Suppose j = -4*c + 81315, 12*j + 81313 = 4*c + 15*j. Is c prime?
False
Let y = 16 + -40. Let d be 8722/6 - y/18. Suppose -3*c = -5*u - c + d, 2*c - 303 = -u. Is u a composite number?
False
Let p be 54*(201/9 - -3). Let x = 7 - -21. Is (-4)/x - p/(-21) a prime number?
False
Let s(j) = -3*j**3 - 3*j**2 - j - 2. Let m be s(-2). Is (-3)/18 + 21614/m a composite number?
False
Suppose -15*d + 11*d = -20388. Is d prime?
False
Suppose -j - 2*j = 0, -k = -4*j + 85. Let h = 758 + k. Is h composite?
False
Let i be ((-3582)/(-15))/(-3 + 94/30). Suppose -11*c + i - 449 = 0. Is c a composite number?
True
Suppose -g + z + 34026 = 4*g, 3 = -3*z. Is g a composite number?
True
Suppose 5*t + 1228 = 4*c - 5783, 3 = 3*t. Is c composite?
True
Let q(y) = y**3 - 11*y**2 + y - 16. Let x be q(11). Is (x*1)/(4/(-212)) composite?
True
Is (-10903)/((-2)/4*(-17 + 19)) a composite number?
False
Suppose 5*f + 487 = 4312. Let v be (-2)/(5/(f/(-6))). Suppose -5*k + 48 = p, 5*p - 212 = -2*k + v. Is p composite?
False
Suppose 495847 = 970*h - 959*h. Is h a prime number?
True
Suppose 12 = 10*h - 8. Suppose 3*q + h*o = 5797, 0 = q + o - 5*o - 1923. Is q composite?
False
Suppose -3*d + 6 = -2*z - 5, 4*d - 12 = 4*z. Is (-2)/8 + 37/8*z prime?
False
Let u = 34 - 23. Let b = u + -12. Is (b/3)/((-6)/126) prime?
True
Suppose 4*c - 5 = 3*c. Let q(g) = -240 + 118 + 6*g + 117. Is q(c) prime?
False
Let i(p) = -p**3 - 5*p**2 + 2*p + 12. Let v be i(-5). Suppose -5*h = -v*s - 1742, 2*s - 544 = 3*h - 1590. Let f = -189 + h. Is f a composite number?
True
